6431 is divided by 33642.
11
What is the remainder when 9969 is divided by 435?
399
What is the remainder when 3800 is divided by 1193?
221
Calculate the remainder when 341546 is divided by 1279.
53
What is the remainder when 48223 is divided by 8?
7
Calculate the remainder when 214634 is divided by 83.
79
What is the remainder when 1683 is divided by 50?
33
What is the remainder when 5966 is divided by 98?
86
What is the remainder when 4995 is divided by 1765?
1465
Calculate the remainder when 8621 is divided by 26.
15
Calculate the remainder when 1253 is divided by 72.
29
Calculate the remainder when 28133 is divided by 62.
47
Calculate the remainder when 3258 is divided by 462.
24
Calculate the remainder when 1329915 is divided by 28.
27
Calculate the remainder when 92861 is divided by 11601.
53
What is the remainder when 26140 is divided by 331?
322
What is the remainder when 177080 is divided by 22?
2
What is the remainder when 1404688 is divided by 166?
162
Calculate the remainder when 870517 is divided by 10.
7
What is the remainder when 4013 is divided by 52?
9
What is the remainder when 70890 is divided by 9?
6
What is the remainder when 48572 is divided by 55?
7
Calculate the remainder when 80360 is divided by 15984.
440
Calculate the remainder when 74941 is divided by 1561.
13
What is the remainder when 128609 is divided by 41?
33
What is the remainder when 5234 is divided by 7?
5
Calculate the remainder when 786 is divided by 731.
55
Calculate the remainder when 379634 is divided by 126.
122
Calculate the remainder when 459297 is divided by 100.
97
What is the remainder when 1047055 is divided by 496?
495
Calculate the remainder when 139858 is divided by 259.
257
What is the remainder when 438519 is divided by 3748?
3
Calculate the remainder when 30796 is divided by 100.
96
What is the remainder when 5146 is divided by 936?
466
Calculate the remainder when 2468 is divided by 316.
256
Calculate the remainder when 2396903 is divided by 94.
91
Calculate the remainder when 1366 is divided by 453.
7
Calculate the remainder when 225295 is divided by 15.
10
Calculate the remainder when 30358 is divided by 54.
10
Calculate the remainder when 3203 is divided by 532.
11
Calculate the remainder when 28129 is divided by 1165.
169
What is the remainder when 1806 is divided by 583?
57
Calculate the remainder when 4352 is divided by 992.
384
Calculate the remainder when 16866 is divided by 16474.
392
What is the remainder when 11402 is divided by 900?
602
Calculate the remainder when 99899 is divided by 18.
17
What is the remainder when 7932 is divided by 947?
356
What is the remainder when 47291 is divided by 8?
3
Calculate the remainder when 47462 is divided by 505.
497
What is the remainder when 2078 is divided by 296?
6
Calculate the remainder when 1468 is divided by 13.
12
What is the remainder when 6877 is divided by 2559?
1759
What is the remainder when 2353 is divided by 2345?
8
What is the remainder when 4374354 is divided by 87?
81
What is the remainder when 1488 is divided by 277?
103
What is the remainder when 675 is divided by 17?
12
What is the remainder when 41982 is divided by 494?
486
Calculate the remainder when 299 is divided by 249.
50
Calculate the remainder when 398590 is divided by 5460.
10
Calculate the remainder when 28651 is divided by 106.
31
Calculate the remainder when 3231 is divided by 191.
175
Calculate the remainder when 91867 is divided by 339.
337
What is the remainder when 401 is divided by 144?
113
What is the remainder when 5220 is divided by 250?
220
What is the remainder when 12151 is divided by 31?
30
What is the remainder when 11227 is divided by 63?
13
Calculate the remainder when 47892 is divided by 1064.
12
What is the remainder when 5377 is divided by 151?
92
Calculate the remainder when 4206 is divided by 1967.
272
What is the remainder when 45733 is divided by 515?
413
What is the remainder when 31961 is divided by 4563?
20
What is the remainder when 3553 is divided by 1728?
97
What is the remainder when 814485 is divided by 1903?
1
Calculate the remainder when 8339 is divided by 556.
555
Calculate the remainder when 1285 is divided by 421.
22
What is the remainder when 44896 is divided by 14911?
163
Calculate the remainder when 80856 is divided by 26.
22
Calculate the remainder when 7424 is divided by 10.
4
What is the remainder when 17488 is divided by 51?
46
What is the remainder when 151908 is divided by 9?
6
Calculate the remainder when 11246 is divided by 2495.
1266
Calculate the remainder when 72823 is divided by 1656.
1615
What is the remainder when 53557 is divided by 122?
121
Calculate the remainder when 2851 is divided by 43.
13
Calculate the remainder when 47332 is divided by 5.
2
What is the remainder when 11778 is divided by 5770?
238
What is the remainder when 436798 is divided by 24?
22
Calculate the remainder when 7726 is divided by 176.
158
What is the remainder when 121881 is divided by 33?
12
What is the remainder when 6626 is divided by 1748?
1382
Calculate the remainder when 3059 is divided by 424.
91
Calculate the remainder when 8266 is divided by 115.
101
Calculate the remainder when 14716 is divided by 89.
31
What is the remainder when 3358 is divided by 308?
278
Calculate the remainder when 95046 is divided by 1056.
6
Calculate the remainder when 489 is divided by 78.
21
What is the remainder when 62314 is divided by 263?
246
Calculate the remainder when 81055 is divided by 21.
16
What is the remainder when 10191 is divided by 112?
111
Calculate the remainder when 3268199 is divided by 520.
519
Calculate the remainder when 9964 is divided by 1002.
946
Calculate the remainder when 73996 is divided by 4918.
226
Calculate the remainder when 110267 is divided by 22040.
67
What is the remainder when 94789 is divided by 36?
1
What is the remainder when 1708 is divided by 427?
0
What is the remainder when 360 is divided by 262?
98
What is the remainder when 1125578 is divided by 8?
2
Calculate the remainder when 1656 is divided by 1619.
37
What is the remainder when 744506 is divided by 13?
9
What is the remainder when 100001 is divided by 146?
137
What is the remainder when 2353 is divided by 1169?
15
Calculate the remainder when 847 is divided by 1.
0
What is the remainder when 10771 is divided by 31?
14
What is the remainder when 5125 is divided by 1691?
52
What is the remainder when 2086 is divided by 1959?
127
Calculate the remainder when 272022 is divided by 136005.
12
Calculate the remainder when 7024 is divided by 1387.
89
What is the remainder when 21893 is divided by 4374?
23
Calculate the remainder when 6716 is divided by 248.
20
What is the remainder when 5526 is divided by 306?
18
What is the remainder when 33951 is divided by 16970?
11
Calculate the remainder when 3521 is divided by 527.
359
What is the remainder when 21817 is divided by 49?
12
What is the remainder when 5102 is divided by 81?
80
Calculate the remainder when 498 is divided by 63.
57
What is the remainder when 178727 is divided by 672?
647
Calculate the remainder when 52451 is divided by 10.
1
Calculate the remainder when 2803 is divided by 99.
31
Calculate the remainder when 2606 is divided by 1205.
196
Calculate the remainder when 577666 is divided by 529.
527
Calculate the remainder when 24096 is divided by 8021.
33
Calculate the remainder when 2861 is divided by 614.
405
Calculate the remainder when 22688 is divided by 11331.
26
What is the remainder when 894 is divided by 588?
306
What is the remainder when 136031 is divided by 3676?
19
Calculate the remainder when 6517 is divided by 75.
67
Calculate the remainder when 4241 is divided by 12.
5
What is the remainder when 28688 is divided by 484?
132
Calculate the remainder when 193580 is divided by 63.
44
Calculate the remainder when 676 is divided by 7.
4
Calculate the remainder when 330296 is divided by 30.
26
What is the remainder when 8435 is divided by 2789?
68
Calculate the remainder when 3310 is divided by 278.
252
What is the remainder when 11859 is divided by 10?
9
Calculate the remainder when 10290 is divided by 933.
27
Calculate the remainder when 367553 is divided by 33.
32
Calculate the remainder when 9305613 is divided by 2383.
